{"id":11,"date":"2016-01-05T22:41:43","date_gmt":"2016-01-05T22:41:43","guid":{"rendered":"https:\/\/2016.gdynia.wordcamp.org\/location\/"},"modified":"2016-07-26T20:48:27","modified_gmt":"2016-07-26T18:48:27","slug":"miejsce","status":"publish","type":"page","link":"https:\/\/gdynia.wordcamp.org\/2016\/miejsce\/","title":{"rendered":"Miejsce"},"content":{"rendered":"<p><img loading=\"lazy\" decoding=\"async\" data-attachment-id=\"443\" data-permalink=\"https:\/\/gdynia.wordcamp.org\/2016\/miejsce\/lukaszgawronski_ppnt_072014_max-2630\/\" data-orig-file=\"https:\/\/gdynia.wordcamp.org\/2016\/files\/2016\/01\/LukaszGawronski_PPNT_072014_max-2630-e1457904727373.jpg\" data-orig-size=\"900,477\" data-comments-opened=\"1\" data-image-meta=\"{&quot;aperture&quot;:&quot;0&quot;,&quot;credit&quot;:&quot;Photographer:Ryk&quot;,&quot;camera&quot;:&quot;&quot;,&quot;caption&quot;:&quot;&quot;,&quot;created_timestamp&quot;:&quot;1405525633&quot;,&quot;copyright&quot;:&quot;&quot;,&quot;focal_length&quot;:&quot;0&quot;,&quot;iso&quot;:&quot;0&quot;,&quot;shutter_speed&quot;:&quot;0&quot;,&quot;title&quot;:&quot;&quot;,&quot;orientation&quot;:&quot;0&quot;}\" data-image-title=\"LukaszGawronski_PPNT_072014_max-2630\" data-image-description=\"\" data-image-caption=\"\" data-large-file=\"https:\/\/gdynia.wordcamp.org\/2016\/files\/2016\/01\/LukaszGawronski_PPNT_072014_max-2630-1024x543.jpg\" class=\"alignnone wp-image-443 size-full\" src=\"https:\/\/2016.gdynia.wordcamp.org\/files\/2016\/01\/LukaszGawronski_PPNT_072014_max-2630-e1457904727373.jpg\" alt=\"LukaszGawronski_PPNT_072014_max-2630\" width=\"900\" height=\"477\" \/><\/p>\n<p><strong>WordCamp Polska 2016<\/strong> odb\u0119dzie si\u0119 w Centrum Konferencyjnym <a href=\"http:\/\/ppnt.pl\/pl\" target=\"_blank\">Pomorskiego Parku Naukowo-Technologicznego Gdynia<\/a> (<a href=\"http:\/\/ppnt.pl\/pl\/mapa\" target=\"_blank\">budynek III<\/a>). PPNT Gdynia to przestrze\u0144 dla wszystkich innowator\u00f3w, kt\u00f3rzy tworz\u0105 nowoczesne produkty, us\u0142ugi oraz inicjatywy. To tak\u017ce jeden z najwi\u0119kszych park\u00f3w naukowo-technologicznych w Polsce, po\u0142o\u017cony w samym niemal centrum Gdyni. Budynek jest dostosowany do potrzeb os\u00f3b niepe\u0142nosprawnych.<\/p>\n<p>Informacje na temat opcji noclegowych w Gdyni oraz ciekawych miejscach i restauracjach znajdziecie <a href=\"https:\/\/2016.gdynia.wordcamp.org\/gdzie-spac-i-jesc-w-gdyni\/\">TUTAJ<\/a>.<\/p>\n<p><strong>Adres: <\/strong><\/p>\n<p>Al. Zwyci\u0119stwa 96\/98, 81-451 Gdynia<\/p>\n<p><strong>Dojazd:<\/strong><\/p>\n<p>Szybka Kolej Miejska &#8211; Przystanek Gdynia Red\u0142owo <a href=\"https:\/\/www.skm.pkp.pl\/\" target=\"_blank\">Sprawd\u017a rozk\u0142ad na<br \/>\nwww.skm.pkp.pl<\/a><\/p>\n<p>Komunikacja Miejska ZKM &#8211; Przystanek Centrum Nauki EXPERYMENT. Sprawd\u017a rozk\u0142ad na <a href=\"http:\/\/www.zkmgdynia.pl\/\" target=\"_blank\">www.zkmgdynia.pl<\/a>. Z dworca PKP Gdynia G\u0142\u00f3wna (przystanek Gdynia Dworzec G\u0142\u00f3wny PKP &#8211; Hala) dojazd trolejbusami 21, 23, 24, 29 oraz autobusami R, S, Z, 133, 152.<\/p>\n<p>Do dyspozycji jest tak\u017ce p\u0142atny parking naziemny i podziemny.<\/p>\n","protected":false},"excerpt":{"rendered":"<p>WordCamp Polska 2016 odb\u0119dzie si\u0119 w Centrum Konferencyjnym Pomorskiego Parku Naukowo-Technologicznego Gdynia (budynek III). PPNT Gdynia to przestrze\u0144 dla wszystkich innowator\u00f3w, kt\u00f3rzy tworz\u0105 nowoczesne produkty, us\u0142ugi oraz inicjatywy. To tak\u017ce jeden z najwi\u0119kszych park\u00f3w naukowo-technologicznych w Polsce, po\u0142o\u017cony w samym niemal centrum Gdyni. Budynek jest dostosowany do potrzeb os\u00f3b niepe\u0142nosprawnych. Informacje na temat opcji noclegowych &hellip; <a href=\"https:\/\/gdynia.wordcamp.org\/2016\/miejsce\/\" class=\"more-link\">Czytaj dalej <span class=\"screen-reader-text\">Miejsce<\/span> <span class=\"meta-nav\">&rarr;<\/span><\/a><\/p>\n","protected":false},"author":13803854,"featured_media":0,"parent":0,"menu_order":0,"comment_status":"closed","ping_status":"closed","template":"","meta":{"_crdt_document":"","jetpack_post_was_ever_published":false,"footnotes":""},"class_list":["post-11","page","type-page","status-publish","hentry"],"jetpack_sharing_enabled":true,"jetpack_shortlink":"https:\/\/wp.me\/P763Fe-b","_links":{"self":[{"href":"https:\/\/gdynia.wordcamp.org\/2016\/wp-json\/wp\/v2\/pages\/11","targetHints":{"allow":["GET"]}}],"collection":[{"href":"https:\/\/gdynia.wordcamp.org\/2016\/wp-json\/wp\/v2\/pages"}],"about":[{"href":"https:\/\/gdynia.wordcamp.org\/2016\/wp-json\/wp\/v2\/types\/page"}],"author":[{"embeddable":true,"href":"https:\/\/gdynia.wordcamp.org\/2016\/wp-json\/wp\/v2\/users\/13803854"}],"replies":[{"embeddable":true,"href":"https:\/\/gdynia.wordcamp.org\/2016\/wp-json\/wp\/v2\/comments?post=11"}],"version-history":[{"count":15,"href":"https:\/\/gdynia.wordcamp.org\/2016\/wp-json\/wp\/v2\/pages\/11\/revisions"}],"predecessor-version":[{"id":1808,"href":"https:\/\/gdynia.wordcamp.org\/2016\/wp-json\/wp\/v2\/pages\/11\/revisions\/1808"}],"wp:attachment":[{"href":"https:\/\/gdynia.wordcamp.org\/2016\/wp-json\/wp\/v2\/media?parent=11"}],"curies":[{"name":"wp","href":"https:\/\/api.w.org\/{rel}","templated":true}]}}