{"id":1300,"date":"2016-07-01T08:14:19","date_gmt":"2016-07-01T08:14:19","guid":{"rendered":"https:\/\/2016.gdynia.wordcamp.org\/?post_type=wcb_speaker&#038;p=1300"},"modified":"2016-07-01T08:14:19","modified_gmt":"2016-07-01T08:14:19","slug":"michal-smereczynski","status":"publish","type":"wcb_speaker","link":"https:\/\/gdynia.wordcamp.org\/2016\/speaker\/michal-smereczynski\/","title":{"rendered":"Micha\u0142 Smereczy\u0144ski"},"content":{"rendered":"<p><img loading=\"lazy\" decoding=\"async\" data-attachment-id=\"1301\" data-permalink=\"https:\/\/gdynia.wordcamp.org\/2016\/speaker\/michal-smereczynski\/michal-smereczynski\/\" data-orig-file=\"https:\/\/gdynia.wordcamp.org\/2016\/files\/2016\/07\/Micha\u0142-Smereczy\u0144ski.jpeg\" data-orig-size=\"3464,5197\" data-comments-opened=\"1\" data-image-meta=\"{&quot;aperture&quot;:&quot;0&quot;,&quot;credit&quot;:&quot;&quot;,&quot;camera&quot;:&quot;&quot;,&quot;caption&quot;:&quot;&quot;,&quot;created_timestamp&quot;:&quot;0&quot;,&quot;copyright&quot;:&quot;&quot;,&quot;focal_length&quot;:&quot;0&quot;,&quot;iso&quot;:&quot;0&quot;,&quot;shutter_speed&quot;:&quot;0&quot;,&quot;title&quot;:&quot;&quot;,&quot;orientation&quot;:&quot;0&quot;}\" data-image-title=\"Micha\u0142 Smereczy\u0144ski\" data-image-description=\"\" data-image-caption=\"\" data-large-file=\"https:\/\/gdynia.wordcamp.org\/2016\/files\/2016\/07\/Micha\u0142-Smereczy\u0144ski-683x1024.jpeg\" class=\"size-medium wp-image-1301 alignleft\" src=\"https:\/\/2016.gdynia.wordcamp.org\/files\/2016\/07\/Micha\u0142-Smereczy\u0144ski-200x300.jpeg\" alt=\"Micha\u0142 Smereczy\u0144ski\" width=\"200\" height=\"300\" srcset=\"https:\/\/gdynia.wordcamp.org\/2016\/files\/2016\/07\/Micha\u0142-Smereczy\u0144ski-200x300.jpeg 200w, https:\/\/gdynia.wordcamp.org\/2016\/files\/2016\/07\/Micha\u0142-Smereczy\u0144ski-683x1024.jpeg 683w\" sizes=\"auto, (max-width: 200px) 100vw, 200px\" \/>MVP Microsoft Azure wyspecjalizowany w technologiach Open Source. Za\u0142o\u017cyciel i lider Polskiej Grupy U\u017cytkownik\u00f3w Microsoft Azure. Przedsi\u0119biorca &#8211; ekspert i konsultant w dziedzinie adaptacji i wdro\u017ce\u0144 platformy Microsoft Azure. Ewangelista otwartego oprogramowania i interoperacyjno\u015bci. Spo\u0142eczny aktywista i wsp\u00f3\u0142za\u0142o\u017cyciel Fundacji Aegis. Prywatnie wieczny student, pasjonat i geek. Organizator i uczestnik konferencji i wydarze\u0144 zwi\u0105zanych z integracj\u0105 bran\u017cy IT.<\/p>\n<h3>WordPress REST API &#8211; czyli jak oddzieli\u0107 CMS od frontendu<\/h3>\n<p>wp-api, czyli WordPress REST API to nie tylko nowa metodyka pracy nad motywami. To tak\u017ce zupe\u0142nie nowe perspektywy na wykorzystanie CMS WordPress jako scentralizowanej bazy zawarto\u015bci dla stron www, aplikacji mobilnych i aplikacji tradycyjnych. Wszystko kraszone odrobin\u0105 High Availability i Load Balancingu. Sesja sk\u0142\u0105da si\u0119 w 50% z poj\u0119\u0107 programistycznych i w 50% z poj\u0119\u0107 administracyjnych &#8211; ka\u017cdy znajdzie co\u015b dla siebie.<\/p>\n","protected":false},"excerpt":{"rendered":"<p>MVP Microsoft Azure wyspecjalizowany w technologiach Open Source. Za\u0142o\u017cyciel i lider Polskiej Grupy U\u017cytkownik\u00f3w Microsoft Azure. Przedsi\u0119biorca &#8211; ekspert i konsultant w dziedzinie adaptacji i wdro\u017ce\u0144 platformy Microsoft Azure. Ewangelista otwartego oprogramowania i interoperacyjno\u015bci. Spo\u0142eczny aktywista i wsp\u00f3\u0142za\u0142o\u017cyciel Fundacji Aegis. Prywatnie wieczny student, pasjonat i geek. Organizator i uczestnik konferencji i wydarze\u0144 zwi\u0105zanych z integracj\u0105 &hellip; <a href=\"https:\/\/gdynia.wordcamp.org\/2016\/speaker\/michal-smereczynski\/\" class=\"more-link\">Czytaj dalej <span class=\"screen-reader-text\">Micha\u0142 Smereczy\u0144ski<\/span> <span class=\"meta-nav\">&rarr;<\/span><\/a><\/p>\n","protected":false},"author":13803854,"featured_media":0,"comment_status":"closed","ping_status":"closed","template":"","meta":{"_crdt_document":"","jetpack_post_was_ever_published":false,"_wcpt_user_name":"smereczynski","footnotes":""},"speaker_group":[],"class_list":["post-1300","wcb_speaker","type-wcb_speaker","status-publish","hentry"],"jetpack_sharing_enabled":true,"jetpack_shortlink":"https:\/\/wp.me\/p763Fe-kY","avatar_urls":{"24":"https:\/\/secure.gravatar.com\/avatar\/091f4902fde9c3a273a022139708b033e140c7f9e95934e524b2488bddc2bf92?s=24&d=mm&r=g","48":"https:\/\/secure.gravatar.com\/avatar\/091f4902fde9c3a273a022139708b033e140c7f9e95934e524b2488bddc2bf92?s=48&d=mm&r=g","96":"https:\/\/secure.gravatar.com\/avatar\/091f4902fde9c3a273a022139708b033e140c7f9e95934e524b2488bddc2bf92?s=96&d=mm&r=g","128":"https:\/\/secure.gravatar.com\/avatar\/091f4902fde9c3a273a022139708b033e140c7f9e95934e524b2488bddc2bf92?s=128&d=mm&r=g","256":"https:\/\/secure.gravatar.com\/avatar\/091f4902fde9c3a273a022139708b033e140c7f9e95934e524b2488bddc2bf92?s=256&d=mm&r=g","512":"https:\/\/secure.gravatar.com\/avatar\/091f4902fde9c3a273a022139708b033e140c7f9e95934e524b2488bddc2bf92?s=512&d=mm&r=g"},"_links":{"self":[{"href":"https:\/\/gdynia.wordcamp.org\/2016\/wp-json\/wp\/v2\/speakers\/1300","targetHints":{"allow":["GET"]}}],"collection":[{"href":"https:\/\/gdynia.wordcamp.org\/2016\/wp-json\/wp\/v2\/speakers"}],"about":[{"href":"https:\/\/gdynia.wordcamp.org\/2016\/wp-json\/wp\/v2\/types\/wcb_speaker"}],"author":[{"embeddable":true,"href":"https:\/\/gdynia.wordcamp.org\/2016\/wp-json\/wp\/v2\/users\/13803854"}],"replies":[{"embeddable":true,"href":"https:\/\/gdynia.wordcamp.org\/2016\/wp-json\/wp\/v2\/comments?post=1300"}],"version-history":[{"count":1,"href":"https:\/\/gdynia.wordcamp.org\/2016\/wp-json\/wp\/v2\/speakers\/1300\/revisions"}],"predecessor-version":[{"id":1302,"href":"https:\/\/gdynia.wordcamp.org\/2016\/wp-json\/wp\/v2\/speakers\/1300\/revisions\/1302"}],"sessions":[{"embeddable":true,"href":"https:\/\/gdynia.wordcamp.org\/2016\/wp-json\/wp\/v2\/sessions\/1391?_embed=1&context=view"}],"wp:attachment":[{"href":"https:\/\/gdynia.wordcamp.org\/2016\/wp-json\/wp\/v2\/media?parent=1300"}],"wp:term":[{"taxonomy":"wcb_speaker_group","embeddable":true,"href":"https:\/\/gdynia.wordcamp.org\/2016\/wp-json\/wp\/v2\/speaker_group?post=1300"}],"curies":[{"name":"wp","href":"https:\/\/api.w.org\/{rel}","templated":true}]}}

Michał Smereczyński

<p><img loading="lazy" decoding="async" data-attachment-id="1301" data-permalink="https://gdynia.wordcamp.org/2016/speaker/michal-smereczynski/michal-smereczynski/" data-orig-file="https://gdynia.wordcamp.org/2016/files/2016/07/Michał-Smereczyński.jpeg" data-orig-size="3464,5197" data-comments-opened="1" data-image-meta="{&quot;aperture&quot;:&quot;0&quot;,&quot;credit&quot;:&quot;&quot;,&quot;camera&quot;:&quot;&quot;,&quot;caption&quot;:&quot;&quot;,&quot;created_timestamp&quot;:&quot;0&quot;,&quot;copyright&quot;:&quot;&quot;,&quot;focal_length&quot;:&quot;0&quot;,&quot;iso&quot;:&quot;0&quot;,&quot;shutter_speed&quot;:&quot;0&quot;,&quot;title&quot;:&quot;&quot;,&quot;orientation&quot;:&quot;0&quot;}" data-image-title="Michał Smereczyński" data-image-description="" data-image-caption="" data-large-file="https://gdynia.wordcamp.org/2016/files/2016/07/Michał-Smereczyński-683x1024.jpeg" class="size-medium wp-image-1301 alignleft" src="https://2016.gdynia.wordcamp.org/files/2016/07/Michał-Smereczyński-200x300.jpeg" alt="Michał Smereczyński" width="200" height="300" srcset="https://gdynia.wordcamp.org/2016/files/2016/07/Michał-Smereczyński-200x300.jpeg 200w, https://gdynia.wordcamp.org/2016/files/2016/07/Michał-Smereczyński-683x1024.jpeg 683w" sizes="auto, (max-width: 200px) 100vw, 200px" />MVP Microsoft Azure wyspecjalizowany w technologiach Open Source. Założyciel i lider Polskiej Grupy Użytkowników Microsoft Azure. Przedsiębiorca &#8211; ekspert i konsultant w dziedzinie adaptacji i wdrożeń platformy Microsoft Azure. Ewangelista otwartego oprogramowania i interoperacyjności. Społeczny aktywista i współzałożyciel Fundacji Aegis. Prywatnie wieczny student, pasjonat i geek. Organizator i uczestnik konferencji i wydarzeń związanych z integracją branży IT.</p>
<h3>WordPress REST API &#8211; czyli jak oddzielić CMS od frontendu</h3>
<p>wp-api, czyli WordPress REST API to nie tylko nowa metodyka pracy nad motywami. To także zupełnie nowe perspektywy na wykorzystanie CMS WordPress jako scentralizowanej bazy zawartości dla stron www, aplikacji mobilnych i aplikacji tradycyjnych. Wszystko kraszone odrobiną High Availability i Load Balancingu. Sesja skłąda się w 50% z pojęć programistycznych i w 50% z pojęć administracyjnych &#8211; każdy znajdzie coś dla siebie.</p>

<p>MVP Microsoft Azure wyspecjalizowany w technologiach Open Source. Założyciel i lider Polskiej Grupy Użytkowników Microsoft Azure. Przedsiębiorca &#8211; ekspert i konsultant w dziedzinie adaptacji i wdrożeń platformy Microsoft Azure. Ewangelista otwartego oprogramowania i interoperacyjności. Społeczny aktywista i współzałożyciel Fundacji Aegis. Prywatnie wieczny student, pasjonat i geek. Organizator i uczestnik konferencji i wydarzeń związanych z integracją &hellip; <a href="https://gdynia.wordcamp.org/2016/speaker/michal-smereczynski/" class="more-link">Czytaj dalej <span class="screen-reader-text">Michał Smereczyński</span> <span class="meta-nav">&rarr;</span></a></p>
