{"id":944,"date":"2016-06-01T09:10:45","date_gmt":"2016-06-01T09:10:45","guid":{"rendered":"https:\/\/2016.gdynia.wordcamp.org\/?post_type=wcb_speaker&#038;p=944"},"modified":"2016-06-01T09:33:46","modified_gmt":"2016-06-01T09:33:46","slug":"tomasz-lach","status":"publish","type":"wcb_speaker","link":"https:\/\/gdynia.wordcamp.org\/2016\/speaker\/tomasz-lach\/","title":{"rendered":"Tomasz Lach"},"content":{"rendered":"<p><img loading=\"lazy\" decoding=\"async\" data-attachment-id=\"972\" data-permalink=\"https:\/\/gdynia.wordcamp.org\/2016\/speaker\/tomasz-lach\/tomasz-lach-2\/\" data-orig-file=\"https:\/\/gdynia.wordcamp.org\/2016\/files\/2016\/06\/tomasz-lach.jpg\" data-orig-size=\"600,600\" data-comments-opened=\"1\" data-image-meta=\"{&quot;aperture&quot;:&quot;0&quot;,&quot;credit&quot;:&quot;&quot;,&quot;camera&quot;:&quot;&quot;,&quot;caption&quot;:&quot;&quot;,&quot;created_timestamp&quot;:&quot;0&quot;,&quot;copyright&quot;:&quot;&quot;,&quot;focal_length&quot;:&quot;0&quot;,&quot;iso&quot;:&quot;0&quot;,&quot;shutter_speed&quot;:&quot;0&quot;,&quot;title&quot;:&quot;&quot;,&quot;orientation&quot;:&quot;0&quot;}\" data-image-title=\"tomasz lach\" data-image-description=\"\" data-image-caption=\"\" data-large-file=\"https:\/\/gdynia.wordcamp.org\/2016\/files\/2016\/06\/tomasz-lach.jpg\" class=\"size-medium wp-image-972 alignleft\" src=\"https:\/\/2016.gdynia.wordcamp.org\/files\/2016\/06\/tomasz-lach-300x300.jpg\" alt=\"tomasz lach\" width=\"300\" height=\"300\" srcset=\"https:\/\/gdynia.wordcamp.org\/2016\/files\/2016\/06\/tomasz-lach-300x300.jpg 300w, https:\/\/gdynia.wordcamp.org\/2016\/files\/2016\/06\/tomasz-lach-150x150.jpg 150w, https:\/\/gdynia.wordcamp.org\/2016\/files\/2016\/06\/tomasz-lach.jpg 600w\" sizes=\"auto, (max-width: 300px) 100vw, 300px\" \/>Pasjonat WordPress\u2019a, przedsi\u0119biorca i bloger, r\u00f3wnolegle rozwija firm\u0119 internetow\u0105 i profesjonalny blog kulinarny. \u015awiadczy us\u0142ugi IT i projektowe zwi\u0105zane z platform\u0105 WordPress dla klient\u00f3w z ca\u0142ego \u015bwiata. Jako bloger jest r\u00f3wnie\u017c pomys\u0142odawc\u0105 i organizatorem (od 2013 roku) ca\u0142ej serii konferencji \u201ebloSilesia\u201d (<a href=\"http:\/\/www.blosilesia.org\/\" target=\"_blank\">www.blosilesia.org<\/a>) maj\u0105cych na celu rozw\u00f3j i integracj\u0119 polskiej blogosfery.<\/p>\n<h4><strong>Jak zacz\u0105\u0107 pracowa\u0107 dla klient\u00f3w zagranicznych<\/strong><\/h4>\n<p>W swojej prelekcji przedstawi histori\u0119 tego jak rozpocz\u0105\u0142 od zera przygod\u0119 z prac\u0105 dla zagranicznych klient\u00f3w. Zacz\u0119\u0142o si\u0119 od pomys\u0142u: \u201eHej! Mo\u017ce poszukajmy jakich\u015b klient\u00f3w z zagranicy!\u201d i pierwszych, niezbyt udanych pr\u00f3b ich pozyskania. W prezentacji opowie o tym dlaczego poradniki z popularnych portali dla freelancer\u00f3w nie zadzia\u0142a\u0142y, co zadzia\u0142a\u0142o, a tak\u017ce o jakich zagro\u017ceniach nie pomy\u015bleli\u015bmy. Na co nale\u017cy zwr\u00f3ci\u0107 uwag\u0119 w pracy z zagranicznymi klientami, na jakim rynku przychodzi nam si\u0119 odnale\u017a\u0107, jak komunikowa\u0107 swoj\u0105 mark\u0119 w tym zr\u00f3\u017cnicowanym i bardzo konkurencyjnym otoczeniu. Opowie o tym co najlepiej sprawdzi\u0142o si\u0119 na naszej drodze do pracy z klientami z USA, Kostaryki, Izraela, Norwegii, Danii, Niemiec, Australii, Kanady i innych kraj\u00f3w. Koniec ko\u0144c\u00f3w odpowie na pytanie czy naprawd\u0119 warto i czy klienci z zagranicy to zawsze najlepsze co nas mo\u017ce spotka\u0107.<\/p>\n","protected":false},"excerpt":{"rendered":"<p>Pasjonat WordPress\u2019a, przedsi\u0119biorca i bloger, r\u00f3wnolegle rozwija firm\u0119 internetow\u0105 i profesjonalny blog kulinarny. \u015awiadczy us\u0142ugi IT i projektowe zwi\u0105zane z platform\u0105 WordPress dla klient\u00f3w z ca\u0142ego \u015bwiata. Jako bloger jest r\u00f3wnie\u017c pomys\u0142odawc\u0105 i organizatorem (od 2013 roku) ca\u0142ej serii konferencji \u201ebloSilesia\u201d (www.blosilesia.org) maj\u0105cych na celu rozw\u00f3j i integracj\u0119 polskiej blogosfery. Jak zacz\u0105\u0107 pracowa\u0107 dla klient\u00f3w &hellip; <a href=\"https:\/\/gdynia.wordcamp.org\/2016\/speaker\/tomasz-lach\/\" class=\"more-link\">Czytaj dalej <span class=\"screen-reader-text\">Tomasz Lach<\/span> <span class=\"meta-nav\">&rarr;<\/span><\/a><\/p>\n","protected":false},"author":13803854,"featured_media":0,"comment_status":"closed","ping_status":"closed","template":"","meta":{"_crdt_document":"","jetpack_post_was_ever_published":false,"_wcpt_user_name":"tomlach","footnotes":""},"speaker_group":[],"class_list":["post-944","wcb_speaker","type-wcb_speaker","status-publish","hentry"],"jetpack_sharing_enabled":true,"jetpack_shortlink":"https:\/\/wp.me\/p763Fe-fe","avatar_urls":{"24":"https:\/\/secure.gravatar.com\/avatar\/27e2b647a8290c3023f0f107faa3a07e55f999dbb562dceeb1a845d15dad8513?s=24&d=mm&r=g","48":"https:\/\/secure.gravatar.com\/avatar\/27e2b647a8290c3023f0f107faa3a07e55f999dbb562dceeb1a845d15dad8513?s=48&d=mm&r=g","96":"https:\/\/secure.gravatar.com\/avatar\/27e2b647a8290c3023f0f107faa3a07e55f999dbb562dceeb1a845d15dad8513?s=96&d=mm&r=g","128":"https:\/\/secure.gravatar.com\/avatar\/27e2b647a8290c3023f0f107faa3a07e55f999dbb562dceeb1a845d15dad8513?s=128&d=mm&r=g","256":"https:\/\/secure.gravatar.com\/avatar\/27e2b647a8290c3023f0f107faa3a07e55f999dbb562dceeb1a845d15dad8513?s=256&d=mm&r=g","512":"https:\/\/secure.gravatar.com\/avatar\/27e2b647a8290c3023f0f107faa3a07e55f999dbb562dceeb1a845d15dad8513?s=512&d=mm&r=g"},"_links":{"self":[{"href":"https:\/\/gdynia.wordcamp.org\/2016\/wp-json\/wp\/v2\/speakers\/944","targetHints":{"allow":["GET"]}}],"collection":[{"href":"https:\/\/gdynia.wordcamp.org\/2016\/wp-json\/wp\/v2\/speakers"}],"about":[{"href":"https:\/\/gdynia.wordcamp.org\/2016\/wp-json\/wp\/v2\/types\/wcb_speaker"}],"author":[{"embeddable":true,"href":"https:\/\/gdynia.wordcamp.org\/2016\/wp-json\/wp\/v2\/users\/13803854"}],"replies":[{"embeddable":true,"href":"https:\/\/gdynia.wordcamp.org\/2016\/wp-json\/wp\/v2\/comments?post=944"}],"version-history":[{"count":2,"href":"https:\/\/gdynia.wordcamp.org\/2016\/wp-json\/wp\/v2\/speakers\/944\/revisions"}],"predecessor-version":[{"id":973,"href":"https:\/\/gdynia.wordcamp.org\/2016\/wp-json\/wp\/v2\/speakers\/944\/revisions\/973"}],"sessions":[{"embeddable":true,"href":"https:\/\/gdynia.wordcamp.org\/2016\/wp-json\/wp\/v2\/sessions\/1389?_embed=1&context=view"}],"wp:attachment":[{"href":"https:\/\/gdynia.wordcamp.org\/2016\/wp-json\/wp\/v2\/media?parent=944"}],"wp:term":[{"taxonomy":"wcb_speaker_group","embeddable":true,"href":"https:\/\/gdynia.wordcamp.org\/2016\/wp-json\/wp\/v2\/speaker_group?post=944"}],"curies":[{"name":"wp","href":"https:\/\/api.w.org\/{rel}","templated":true}]}}

<p><img loading="lazy" decoding="async" data-attachment-id="972" data-permalink="https://gdynia.wordcamp.org/2016/speaker/tomasz-lach/tomasz-lach-2/" data-orig-file="https://gdynia.wordcamp.org/2016/files/2016/06/tomasz-lach.jpg" data-orig-size="600,600" data-comments-opened="1" data-image-meta="{&quot;aperture&quot;:&quot;0&quot;,&quot;credit&quot;:&quot;&quot;,&quot;camera&quot;:&quot;&quot;,&quot;caption&quot;:&quot;&quot;,&quot;created_timestamp&quot;:&quot;0&quot;,&quot;copyright&quot;:&quot;&quot;,&quot;focal_length&quot;:&quot;0&quot;,&quot;iso&quot;:&quot;0&quot;,&quot;shutter_speed&quot;:&quot;0&quot;,&quot;title&quot;:&quot;&quot;,&quot;orientation&quot;:&quot;0&quot;}" data-image-title="tomasz lach" data-image-description="" data-image-caption="" data-large-file="https://gdynia.wordcamp.org/2016/files/2016/06/tomasz-lach.jpg" class="size-medium wp-image-972 alignleft" src="https://2016.gdynia.wordcamp.org/files/2016/06/tomasz-lach-300x300.jpg" alt="tomasz lach" width="300" height="300" srcset="https://gdynia.wordcamp.org/2016/files/2016/06/tomasz-lach-300x300.jpg 300w, https://gdynia.wordcamp.org/2016/files/2016/06/tomasz-lach-150x150.jpg 150w, https://gdynia.wordcamp.org/2016/files/2016/06/tomasz-lach.jpg 600w" sizes="auto, (max-width: 300px) 100vw, 300px" />Pasjonat WordPress’a, przedsiębiorca i bloger, równolegle rozwija firmę internetową i profesjonalny blog kulinarny. Świadczy usługi IT i projektowe związane z platformą WordPress dla klientów z całego świata. Jako bloger jest również pomysłodawcą i organizatorem (od 2013 roku) całej serii konferencji „bloSilesia” (<a href="http://www.blosilesia.org/" target="_blank">www.blosilesia.org</a>) mających na celu rozwój i integrację polskiej blogosfery.</p>
<h4><strong>Jak zacząć pracować dla klientów zagranicznych</strong></h4>
<p>W swojej prelekcji przedstawi historię tego jak rozpoczął od zera przygodę z pracą dla zagranicznych klientów. Zaczęło się od pomysłu: „Hej! Może poszukajmy jakichś klientów z zagranicy!” i pierwszych, niezbyt udanych prób ich pozyskania. W prezentacji opowie o tym dlaczego poradniki z popularnych portali dla freelancerów nie zadziałały, co zadziałało, a także o jakich zagrożeniach nie pomyśleliśmy. Na co należy zwrócić uwagę w pracy z zagranicznymi klientami, na jakim rynku przychodzi nam się odnaleźć, jak komunikować swoją markę w tym zróżnicowanym i bardzo konkurencyjnym otoczeniu. Opowie o tym co najlepiej sprawdziło się na naszej drodze do pracy z klientami z USA, Kostaryki, Izraela, Norwegii, Danii, Niemiec, Australii, Kanady i innych krajów. Koniec końców odpowie na pytanie czy naprawdę warto i czy klienci z zagranicy to zawsze najlepsze co nas może spotkać.</p>

<p>Pasjonat WordPress’a, przedsiębiorca i bloger, równolegle rozwija firmę internetową i profesjonalny blog kulinarny. Świadczy usługi IT i projektowe związane z platformą WordPress dla klientów z całego świata. Jako bloger jest również pomysłodawcą i organizatorem (od 2013 roku) całej serii konferencji „bloSilesia” (www.blosilesia.org) mających na celu rozwój i integrację polskiej blogosfery. Jak zacząć pracować dla klientów &hellip; <a href="https://gdynia.wordcamp.org/2016/speaker/tomasz-lach/" class="more-link">Czytaj dalej <span class="screen-reader-text">Tomasz Lach</span> <span class="meta-nav">&rarr;</span></a></p>
