{"id":12,"date":"2023-06-30T11:26:51","date_gmt":"2023-06-30T09:26:51","guid":{"rendered":"https:\/\/gdynia.wordcamp.org\/2023\/?page_id=12"},"modified":"2023-07-11T22:55:27","modified_gmt":"2023-07-11T20:55:27","slug":"organizatorzy","status":"publish","type":"page","link":"https:\/\/gdynia.wordcamp.org\/2023\/plan\/organizatorzy\/","title":{"rendered":"Organizatorzy"},"content":{"rendered":"\n<div class=\"wp-block-query is-layout-flow wp-block-query-is-layout-flow\"><ul class=\"wp-block-post-template is-layout-flow wp-block-post-template-is-layout-flow\"><li class=\"wp-block-post post-122 wcb_organizer type-wcb_organizer status-publish hentry wcb_organizer_team-glowny-organizator\">\n\n<div class=\"wp-block-columns is-layout-flex wp-container-core-columns-is-layout-28f84493 wp-block-columns-is-layout-flex\">\n<div class=\"wp-block-column is-layout-flow wp-block-column-is-layout-flow\" style=\"flex-basis:20%\">\n<div style=\"height:35px\" aria-hidden=\"true\" class=\"wp-block-spacer\"><\/div>\n\n\n<figure style=\"width:96px;height:96px;\" class=\"is-style-rounded wp-block-wordcamp-avatar\"><img decoding=\"async\" src=\"https:\/\/secure.gravatar.com\/avatar\/f36d29de5c13afd86496da617f5452e4cd45a7b17e23377b02819689c642393b?s=96&amp;d=mm&amp;r=g\" alt=\"Mariusz Szatkowski\" \/><\/figure><\/div>\n\n\n\n<div class=\"wp-block-column is-layout-flow wp-block-column-is-layout-flow\" style=\"flex-basis:80%\"><h2 style=\"text-transform:none;\" class=\"wp-block-post-title\">Mariusz Szatkowski<\/h2>\n\n<div class=\"entry-content wp-block-post-content is-layout-flow wp-block-post-content-is-layout-flow\">\n<figure class=\"wp-block-image size-medium is-style-rounded alignright wp-duotone-1e4459-ffffff-1\"><img data-recalc-dims=\"1\" loading=\"lazy\" decoding=\"async\" width=\"300\" height=\"300\" src=\"https:\/\/i0.wp.com\/gdynia.wordcamp.org\/2023\/files\/2023\/07\/mariusz_szatkowski.jpg?resize=300%2C300&#038;ssl=1\" alt=\"\" class=\"wp-image-466\" srcset=\"https:\/\/i0.wp.com\/gdynia.wordcamp.org\/2023\/files\/2023\/07\/mariusz_szatkowski.jpg?resize=300%2C300&amp;ssl=1 300w, https:\/\/i0.wp.com\/gdynia.wordcamp.org\/2023\/files\/2023\/07\/mariusz_szatkowski.jpg?resize=150%2C150&amp;ssl=1 150w, https:\/\/i0.wp.com\/gdynia.wordcamp.org\/2023\/files\/2023\/07\/mariusz_szatkowski.jpg?w=500&amp;ssl=1 500w\" sizes=\"auto, (max-width: 300px) 100vw, 300px\" \/><\/figure>\n\n\n\n<p>Mariusz rze\u017abi WordPressa od pocz\u0105tku swej kariery, czyli od ponad 15 lat. Od 2007 w jako <a href=\"https:\/\/www.wppoland.com\" data-type=\"URL\" data-id=\"https:\/\/www.wppoland.com\" rel=\"nofollow\">WordPress developer<\/a>, tworzy wieloj\u0119zykowe, responsywne widoki stron, sklepy internetowe, modyfikuj\u0105c front-end jak i back-end serwis\u00f3w pod indywidualne potrzeby klienta.<br>Przygotowuje mikro animacje, buduje architektur\u0119 informacji, optymalizuje witryny pod SEO.<\/p>\n\n\n\n<p>Optymalizuje szybko\u015b\u0107 dzia\u0142ania stron pod k\u0105tem wytycznych Google Web Vitals, zabezpiecza instalacje WP, a tak\u017ce naprawia serwisy www po w\u0142amaniach.<br>Migruje i Indywidualizuje strony klient\u00f3w do WordPressa, szkoli, doradza i optymalizuje nak\u0142ady inwestycyjne na nowoczesne rozwi\u0105zania komunikacyjne w marketingu internetowym.<\/p>\n\n\n\n<p><\/p>\n<\/div><\/div>\n<\/div>\n\n\n\n<div style=\"height:40px\" aria-hidden=\"true\" class=\"wp-block-spacer\"><\/div>\n\n\n\n<hr class=\"wp-block-separator has-css-opacity is-style-wide\" \/>\n\n<\/li><li class=\"wp-block-post post-262 wcb_organizer type-wcb_organizer status-publish hentry\">\n\n<div class=\"wp-block-columns is-layout-flex wp-container-core-columns-is-layout-28f84493 wp-block-columns-is-layout-flex\">\n<div class=\"wp-block-column is-layout-flow wp-block-column-is-layout-flow\" style=\"flex-basis:20%\">\n<div style=\"height:35px\" aria-hidden=\"true\" class=\"wp-block-spacer\"><\/div>\n\n\n<figure style=\"width:96px;height:96px;\" class=\"is-style-rounded wp-block-wordcamp-avatar\"><img decoding=\"async\" src=\"https:\/\/secure.gravatar.com\/avatar\/d87735216bfa9770ddb7792bffe1e719eb4e3ca47db51dac06049cbf3ca8632b?s=96&amp;d=mm&amp;r=g\" alt=\"Hanna Szatkowska\" \/><\/figure><\/div>\n\n\n\n<div class=\"wp-block-column is-layout-flow wp-block-column-is-layout-flow\" style=\"flex-basis:80%\"><h2 style=\"text-transform:none;\" class=\"wp-block-post-title\">Hanna Szatkowska<\/h2>\n\n<div class=\"entry-content wp-block-post-content is-layout-flow wp-block-post-content-is-layout-flow\">\n<p><a href=\"https:\/\/profiles.wordpress.org\/frogqi\/\">WordPress newbee<\/a><\/p>\n<\/div><\/div>\n<\/div>\n\n\n\n<div style=\"height:40px\" aria-hidden=\"true\" class=\"wp-block-spacer\"><\/div>\n\n\n\n<hr class=\"wp-block-separator has-css-opacity is-style-wide\" \/>\n\n<\/li><li class=\"wp-block-post post-264 wcb_organizer type-wcb_organizer status-publish hentry\">\n\n<div class=\"wp-block-columns is-layout-flex wp-container-core-columns-is-layout-28f84493 wp-block-columns-is-layout-flex\">\n<div class=\"wp-block-column is-layout-flow wp-block-column-is-layout-flow\" style=\"flex-basis:20%\">\n<div style=\"height:35px\" aria-hidden=\"true\" class=\"wp-block-spacer\"><\/div>\n\n\n<figure style=\"width:96px;height:96px;\" class=\"is-style-rounded wp-block-wordcamp-avatar\"><img decoding=\"async\" src=\"https:\/\/secure.gravatar.com\/avatar\/a6adab8aa9bbba9ddd9b35b256088d8164d23b07bd9b3d1d540c7995201fe162?s=96&amp;d=mm&amp;r=g\" alt=\"Marcin Szatkowski\" \/><\/figure><\/div>\n\n\n\n<div class=\"wp-block-column is-layout-flow wp-block-column-is-layout-flow\" style=\"flex-basis:80%\"><h2 style=\"text-transform:none;\" class=\"wp-block-post-title\">Marcin Szatkowski<\/h2>\n\n<div class=\"entry-content wp-block-post-content is-layout-flow wp-block-post-content-is-layout-flow\">\n<p>WordPress dev<\/p>\n<\/div><\/div>\n<\/div>\n\n\n\n<div style=\"height:40px\" aria-hidden=\"true\" class=\"wp-block-spacer\"><\/div>\n\n\n\n<hr class=\"wp-block-separator has-css-opacity is-style-wide\" \/>\n\n<\/li><li class=\"wp-block-post post-304 wcb_organizer type-wcb_organizer status-publish hentry\">\n\n<div class=\"wp-block-columns is-layout-flex wp-container-core-columns-is-layout-28f84493 wp-block-columns-is-layout-flex\">\n<div class=\"wp-block-column is-layout-flow wp-block-column-is-layout-flow\" style=\"flex-basis:20%\">\n<div style=\"height:35px\" aria-hidden=\"true\" class=\"wp-block-spacer\"><\/div>\n\n\n<figure style=\"width:96px;height:96px;\" class=\"is-style-rounded wp-block-wordcamp-avatar\"><img decoding=\"async\" src=\"https:\/\/secure.gravatar.com\/avatar\/af957dcaaa7af50e66d53a606a5c1703882037c71c1a63ba46d0fee976362440?s=96&amp;d=mm&amp;r=g\" alt=\"Rafa\u0142 Osi\u0144ski\" \/><\/figure><\/div>\n\n\n\n<div class=\"wp-block-column is-layout-flow wp-block-column-is-layout-flow\" style=\"flex-basis:80%\"><h2 style=\"text-transform:none;\" class=\"wp-block-post-title\">Rafa\u0142 Osi\u0144ski<\/h2>\n\n<div class=\"entry-content wp-block-post-content is-layout-flow wp-block-post-content-is-layout-flow\">\n<p>WordPress Tech Lead Developer z 10 letnim sta\u017cem w tworzeniu plugin\u00f3w, motyw\u00f3w sklep\u00f3w oraz serwis\u00f3w internetowych w Polsce i za granic\u0105. W swojej pracy g\u0142\u00f3wnie koncentruj\u0119 si\u0119 na tworzeniu wtyczek i optymalizacji serwis\u00f3w WP. Entuzjasta Polskich i zagranicznych WordCamp\u00f3w oraz lokalnych meetup\u00f3w, a od niedawna r\u00f3wnie\u017c Reacta (Gutenberg) i Test Driven Development.<\/p>\n\n\n\n<p><a href=\"https:\/\/profiles.wordpress.org\/rafalosinski\"><\/a><\/p>\n<\/div><\/div>\n<\/div>\n\n\n\n<div style=\"height:40px\" aria-hidden=\"true\" class=\"wp-block-spacer\"><\/div>\n\n\n\n<hr class=\"wp-block-separator has-css-opacity is-style-wide\" \/>\n\n<\/li><li class=\"wp-block-post post-306 wcb_organizer type-wcb_organizer status-publish has-post-thumbnail hentry\">\n\n<div class=\"wp-block-columns is-layout-flex wp-container-core-columns-is-layout-28f84493 wp-block-columns-is-layout-flex\">\n<div class=\"wp-block-column is-layout-flow wp-block-column-is-layout-flow\" style=\"flex-basis:20%\">\n<div style=\"height:35px\" aria-hidden=\"true\" class=\"wp-block-spacer\"><\/div>\n\n\n<figure style=\"width:96px;height:96px;\" class=\"is-style-rounded wp-block-wordcamp-avatar\"><img loading=\"lazy\" decoding=\"async\" width=\"96\" height=\"96\" src=\"https:\/\/i0.wp.com\/gdynia.wordcamp.org\/2023\/files\/2023\/08\/dawid-urbanski.webp?fit=96%2C96&amp;ssl=1\" class=\"attachment-96x96 size-96x96 wp-post-image\" alt=\"Dawid Urba\u0144ski\" srcset=\"https:\/\/i0.wp.com\/gdynia.wordcamp.org\/2023\/files\/2023\/08\/dawid-urbanski.webp?w=1500&amp;ssl=1 1500w, https:\/\/i0.wp.com\/gdynia.wordcamp.org\/2023\/files\/2023\/08\/dawid-urbanski.webp?resize=300%2C300&amp;ssl=1 300w, https:\/\/i0.wp.com\/gdynia.wordcamp.org\/2023\/files\/2023\/08\/dawid-urbanski.webp?resize=1024%2C1024&amp;ssl=1 1024w, https:\/\/i0.wp.com\/gdynia.wordcamp.org\/2023\/files\/2023\/08\/dawid-urbanski.webp?resize=150%2C150&amp;ssl=1 150w, https:\/\/i0.wp.com\/gdynia.wordcamp.org\/2023\/files\/2023\/08\/dawid-urbanski.webp?resize=768%2C768&amp;ssl=1 768w\" sizes=\"auto, (max-width: 96px) 100vw, 96px\" \/><\/figure><\/div>\n\n\n\n<div class=\"wp-block-column is-layout-flow wp-block-column-is-layout-flow\" style=\"flex-basis:80%\"><h2 style=\"text-transform:none;\" class=\"wp-block-post-title\">Dawid Urba\u0144ski<\/h2>\n\n<div class=\"entry-content wp-block-post-content is-layout-flow wp-block-post-content-is-layout-flow\">\n<figure class=\"wp-block-image alignright size-medium is-style-rounded wp-duotone-1e4459-ffffff-2\"><img data-recalc-dims=\"1\" loading=\"lazy\" decoding=\"async\" width=\"300\" height=\"300\" src=\"https:\/\/i0.wp.com\/gdynia.wordcamp.org\/2023\/files\/2023\/08\/dawid-urbanski.webp?resize=300%2C300&#038;ssl=1\" alt=\"\" class=\"wp-image-623\" srcset=\"https:\/\/i0.wp.com\/gdynia.wordcamp.org\/2023\/files\/2023\/08\/dawid-urbanski.webp?resize=300%2C300&amp;ssl=1 300w, https:\/\/i0.wp.com\/gdynia.wordcamp.org\/2023\/files\/2023\/08\/dawid-urbanski.webp?resize=1024%2C1024&amp;ssl=1 1024w, https:\/\/i0.wp.com\/gdynia.wordcamp.org\/2023\/files\/2023\/08\/dawid-urbanski.webp?resize=150%2C150&amp;ssl=1 150w, https:\/\/i0.wp.com\/gdynia.wordcamp.org\/2023\/files\/2023\/08\/dawid-urbanski.webp?resize=768%2C768&amp;ssl=1 768w, https:\/\/i0.wp.com\/gdynia.wordcamp.org\/2023\/files\/2023\/08\/dawid-urbanski.webp?w=1500&amp;ssl=1 1500w\" sizes=\"auto, (max-width: 300px) 100vw, 300px\" \/><\/figure>\n\n\n\n<p>Obecnie programista full-stack pracuj\u0105cy g\u0142\u00f3wnie z JavaScript, TypeScript i Node. By\u0142y lider techniczny JavaScript w CKSource.<\/p>\n\n\n\n<p>Zagorza\u0142y fan WordPressa. Wychowany na PHP i WordPress. Zakochany w Gutenbergu. Tworzy strony internetowe od 2010 roku.<\/p>\n\n\n\n<p>Autor wtyczek i prelegent. Certyfikowany ekspert Codeable.<\/p>\n<\/div><\/div>\n<\/div>\n\n\n\n<div style=\"height:40px\" aria-hidden=\"true\" class=\"wp-block-spacer\"><\/div>\n\n\n\n<hr class=\"wp-block-separator has-css-opacity is-style-wide\" \/>\n\n<\/li><li class=\"wp-block-post post-462 wcb_organizer type-wcb_organizer status-publish has-post-thumbnail hentry\">\n\n<div class=\"wp-block-columns is-layout-flex wp-container-core-columns-is-layout-28f84493 wp-block-columns-is-layout-flex\">\n<div class=\"wp-block-column is-layout-flow wp-block-column-is-layout-flow\" style=\"flex-basis:20%\">\n<div style=\"height:35px\" aria-hidden=\"true\" class=\"wp-block-spacer\"><\/div>\n\n\n<figure style=\"width:96px;height:96px;\" class=\"is-style-rounded wp-block-wordcamp-avatar\"><img loading=\"lazy\" decoding=\"async\" width=\"96\" height=\"96\" src=\"https:\/\/i0.wp.com\/gdynia.wordcamp.org\/2023\/files\/2023\/07\/3521-edited.png?fit=96%2C96&amp;ssl=1\" class=\"attachment-96x96 size-96x96 wp-post-image\" alt=\"Marcin Robin Andrzejewski\" srcset=\"https:\/\/i0.wp.com\/gdynia.wordcamp.org\/2023\/files\/2023\/07\/3521-edited.png?w=2643&amp;ssl=1 2643w, https:\/\/i0.wp.com\/gdynia.wordcamp.org\/2023\/files\/2023\/07\/3521-edited.png?resize=300%2C300&amp;ssl=1 300w, https:\/\/i0.wp.com\/gdynia.wordcamp.org\/2023\/files\/2023\/07\/3521-edited.png?resize=1024%2C1024&amp;ssl=1 1024w, https:\/\/i0.wp.com\/gdynia.wordcamp.org\/2023\/files\/2023\/07\/3521-edited.png?resize=150%2C150&amp;ssl=1 150w, https:\/\/i0.wp.com\/gdynia.wordcamp.org\/2023\/files\/2023\/07\/3521-edited.png?resize=768%2C767&amp;ssl=1 768w, https:\/\/i0.wp.com\/gdynia.wordcamp.org\/2023\/files\/2023\/07\/3521-edited.png?resize=1536%2C1534&amp;ssl=1 1536w, https:\/\/i0.wp.com\/gdynia.wordcamp.org\/2023\/files\/2023\/07\/3521-edited.png?resize=2048%2C2046&amp;ssl=1 2048w\" sizes=\"auto, (max-width: 96px) 100vw, 96px\" \/><\/figure><\/div>\n\n\n\n<div class=\"wp-block-column is-layout-flow wp-block-column-is-layout-flow\" style=\"flex-basis:80%\"><h2 style=\"text-transform:none;\" class=\"wp-block-post-title\">Marcin Robin Andrzejewski<\/h2>\n\n<div class=\"entry-content wp-block-post-content is-layout-flow wp-block-post-content-is-layout-flow\">\n<figure class=\"wp-block-image size-medium is-style-rounded alignright wp-duotone-1e4459-ffffff-3\"><img data-recalc-dims=\"1\" loading=\"lazy\" decoding=\"async\" width=\"300\" height=\"300\" src=\"https:\/\/i0.wp.com\/gdynia.wordcamp.org\/2023\/files\/2023\/07\/3521-edited-300x300.png?resize=300%2C300&#038;ssl=1\" alt=\"\" class=\"wp-image-463\" srcset=\"https:\/\/i0.wp.com\/gdynia.wordcamp.org\/2023\/files\/2023\/07\/3521-edited.png?resize=300%2C300&amp;ssl=1 300w, https:\/\/i0.wp.com\/gdynia.wordcamp.org\/2023\/files\/2023\/07\/3521-edited.png?resize=1024%2C1024&amp;ssl=1 1024w, https:\/\/i0.wp.com\/gdynia.wordcamp.org\/2023\/files\/2023\/07\/3521-edited.png?resize=150%2C150&amp;ssl=1 150w, https:\/\/i0.wp.com\/gdynia.wordcamp.org\/2023\/files\/2023\/07\/3521-edited.png?resize=768%2C767&amp;ssl=1 768w, https:\/\/i0.wp.com\/gdynia.wordcamp.org\/2023\/files\/2023\/07\/3521-edited.png?resize=1536%2C1534&amp;ssl=1 1536w, https:\/\/i0.wp.com\/gdynia.wordcamp.org\/2023\/files\/2023\/07\/3521-edited.png?resize=2048%2C2046&amp;ssl=1 2048w\" sizes=\"auto, (max-width: 300px) 100vw, 300px\" \/><\/figure>\n\n\n\n<p><a href=\"https:\/\/marcinandrzejewski.pl\" data-type=\"URL\" data-id=\"https:\/\/marcinandrzejewski.pl\">marcinandrzejewski.pl<\/a><br>\u2014 Wyk\u0142adowca i konsultant. Praktykuj\u0105cy | Kontrybutor.<\/p>\n\n\n\n<p>Projektant graficzny skupiaj\u0105cy si\u0119 na projektowaniu opartym na liternictwie i komunikacji wizualnej. Wyk\u0142adowca komunikacji wizualnej i typografii. Wydawca kultury online.<\/p>\n\n\n\n<p>Cz\u0142onek polskiej spo\u0142eczno\u015bci skupionej wok\u00f3\u0142 WordPressa i organizator WordUp! Kalisz.<\/p>\n<\/div><\/div>\n<\/div>\n\n\n\n<div style=\"height:40px\" aria-hidden=\"true\" class=\"wp-block-spacer\"><\/div>\n\n\n\n<hr class=\"wp-block-separator has-css-opacity is-style-wide\" \/>\n\n<\/li><li class=\"wp-block-post post-900 wcb_organizer type-wcb_organizer status-publish has-post-thumbnail hentry\">\n\n<div class=\"wp-block-columns is-layout-flex wp-container-core-columns-is-layout-28f84493 wp-block-columns-is-layout-flex\">\n<div class=\"wp-block-column is-layout-flow wp-block-column-is-layout-flow\" style=\"flex-basis:20%\">\n<div style=\"height:35px\" aria-hidden=\"true\" class=\"wp-block-spacer\"><\/div>\n\n\n<figure style=\"width:96px;height:96px;\" class=\"is-style-rounded wp-block-wordcamp-avatar\"><img loading=\"lazy\" decoding=\"async\" width=\"64\" height=\"96\" src=\"https:\/\/i0.wp.com\/gdynia.wordcamp.org\/2023\/files\/2023\/08\/image_6483441-scaled.jpg?fit=64%2C96&amp;ssl=1\" class=\"attachment-96x96 size-96x96 wp-post-image\" alt=\"Katarzyna Gajewska\" srcset=\"https:\/\/i0.wp.com\/gdynia.wordcamp.org\/2023\/files\/2023\/08\/image_6483441-scaled.jpg?w=1706&amp;ssl=1 1706w, https:\/\/i0.wp.com\/gdynia.wordcamp.org\/2023\/files\/2023\/08\/image_6483441-scaled.jpg?resize=200%2C300&amp;ssl=1 200w, https:\/\/i0.wp.com\/gdynia.wordcamp.org\/2023\/files\/2023\/08\/image_6483441-scaled.jpg?resize=682%2C1024&amp;ssl=1 682w, https:\/\/i0.wp.com\/gdynia.wordcamp.org\/2023\/files\/2023\/08\/image_6483441-scaled.jpg?resize=768%2C1153&amp;ssl=1 768w, https:\/\/i0.wp.com\/gdynia.wordcamp.org\/2023\/files\/2023\/08\/image_6483441-scaled.jpg?resize=1023%2C1536&amp;ssl=1 1023w, https:\/\/i0.wp.com\/gdynia.wordcamp.org\/2023\/files\/2023\/08\/image_6483441-scaled.jpg?resize=1364%2C2048&amp;ssl=1 1364w\" sizes=\"auto, (max-width: 64px) 100vw, 64px\" \/><\/figure><\/div>\n\n\n\n<div class=\"wp-block-column is-layout-flow wp-block-column-is-layout-flow\" style=\"flex-basis:80%\"><h2 style=\"text-transform:none;\" class=\"wp-block-post-title\">Katarzyna Gajewska<\/h2>\n\n<div class=\"entry-content wp-block-post-content is-layout-flow wp-block-post-content-is-layout-flow\">\n<figure class=\"wp-block-image alignright size-medium is-style-default wp-duotone-1e4459-ffffff-4\"><img data-recalc-dims=\"1\" loading=\"lazy\" decoding=\"async\" width=\"200\" height=\"300\" src=\"https:\/\/i0.wp.com\/gdynia.wordcamp.org\/2023\/files\/2023\/08\/image_6483441.jpg?resize=200%2C300&#038;ssl=1\" alt=\"\" class=\"wp-image-901\" srcset=\"https:\/\/i0.wp.com\/gdynia.wordcamp.org\/2023\/files\/2023\/08\/image_6483441-scaled.jpg?resize=200%2C300&amp;ssl=1 200w, https:\/\/i0.wp.com\/gdynia.wordcamp.org\/2023\/files\/2023\/08\/image_6483441-scaled.jpg?resize=682%2C1024&amp;ssl=1 682w, https:\/\/i0.wp.com\/gdynia.wordcamp.org\/2023\/files\/2023\/08\/image_6483441-scaled.jpg?resize=768%2C1153&amp;ssl=1 768w, https:\/\/i0.wp.com\/gdynia.wordcamp.org\/2023\/files\/2023\/08\/image_6483441-scaled.jpg?resize=1023%2C1536&amp;ssl=1 1023w, https:\/\/i0.wp.com\/gdynia.wordcamp.org\/2023\/files\/2023\/08\/image_6483441-scaled.jpg?resize=1364%2C2048&amp;ssl=1 1364w, https:\/\/i0.wp.com\/gdynia.wordcamp.org\/2023\/files\/2023\/08\/image_6483441-scaled.jpg?w=1706&amp;ssl=1 1706w\" sizes=\"auto, (max-width: 200px) 100vw, 200px\" \/><\/figure>\n\n\n\n<p>Absolwentka kulturoznawstwa, od ponad 5 lat zwi\u0105zana z bra\u017c\u0105 IT. Obecnie pracuje jako UX Writer w Acoustic, wcze\u015bniej zajmowa\u0142a si\u0119 komunikacj\u0105 wewnetrzn\u0105, wspieraniem startup\u00f3w, prowadzi\u0142a te\u017c tr\u00f3jmiejski oddzia\u0142 szko\u0142y programowania. Pisze na blogu&nbsp;<a rel=\"noreferrer noopener\" href=\"http:\/\/gajapisze.pl\/\" target=\"_blank\">gajapisze.pl<\/a>. Pasjonuj\u0105 j\u0105 technologie, psychologia i minimalizm.<\/p>\n<\/div><\/div>\n<\/div>\n\n\n\n<div style=\"height:40px\" aria-hidden=\"true\" class=\"wp-block-spacer\"><\/div>\n\n\n\n<hr class=\"wp-block-separator has-css-opacity is-style-wide\" \/>\n\n<\/li><\/ul><\/div>\n","protected":false},"excerpt":{"rendered":"","protected":false},"author":108511,"featured_media":0,"parent":7,"menu_order":0,"comment_status":"closed","ping_status":"closed","template":"","meta":{"jetpack_post_was_ever_published":false,"footnotes":""},"class_list":["post-12","page","type-page","status-publish","hentry"],"jetpack_sharing_enabled":true,"_links":{"self":[{"href":"https:\/\/gdynia.wordcamp.org\/2023\/wp-json\/wp\/v2\/pages\/12","targetHints":{"allow":["GET"]}}],"collection":[{"href":"https:\/\/gdynia.wordcamp.org\/2023\/wp-json\/wp\/v2\/pages"}],"about":[{"href":"https:\/\/gdynia.wordcamp.org\/2023\/wp-json\/wp\/v2\/types\/page"}],"author":[{"embeddable":true,"href":"https:\/\/gdynia.wordcamp.org\/2023\/wp-json\/wp\/v2\/users\/108511"}],"replies":[{"embeddable":true,"href":"https:\/\/gdynia.wordcamp.org\/2023\/wp-json\/wp\/v2\/comments?post=12"}],"version-history":[{"count":3,"href":"https:\/\/gdynia.wordcamp.org\/2023\/wp-json\/wp\/v2\/pages\/12\/revisions"}],"predecessor-version":[{"id":314,"href":"https:\/\/gdynia.wordcamp.org\/2023\/wp-json\/wp\/v2\/pages\/12\/revisions\/314"}],"up":[{"embeddable":true,"href":"https:\/\/gdynia.wordcamp.org\/2023\/wp-json\/wp\/v2\/pages\/7"}],"wp:attachment":[{"href":"https:\/\/gdynia.wordcamp.org\/2023\/wp-json\/wp\/v2\/media?parent=12"}],"curies":[{"name":"wp","href":"https:\/\/api.w.org\/{rel}","templated":true}]}}