{"id":13,"date":"2024-05-09T22:28:15","date_gmt":"2024-05-09T20:28:15","guid":{"rendered":"https:\/\/gdynia.wordcamp.org\/2024\/?page_id=13"},"modified":"2024-10-06T09:25:35","modified_gmt":"2024-10-06T07:25:35","slug":"bilety","status":"publish","type":"page","link":"https:\/\/gdynia.wordcamp.org\/2024\/bilety\/","title":{"rendered":"Bilety"},"content":{"rendered":"\n<p>P\u0142atno\u015b\u0107 za bilety realizowana jest poprzez PayPal lub Stripe \u2013 osoby nieposiadaj\u0105ce konta PayPal mog\u0105 zap\u0142aci\u0107 kart\u0105. Niestety inne formy p\u0142atno\u015bci nie s\u0105 mo\u017cliwe.<\/p>\n\n\n\n<p>Zakupiony bilet zapewnia:<\/p>\n\n\n\n<ul class=\"wp-block-list\">\n<li>wst\u0119p na imprezy towarzysz\u0105ce (pi\u0105tek i sobota wieczorem)<\/li>\n\n\n\n<li>wy\u017cywienie, przek\u0105ski i napoje<\/li>\n\n\n\n<li>swag &#8211; gwarantowany dla uczestnik\u00f3w, kt\u00f3rzy kupi\u0105 bilet najp\u00f3\u017aniej 2 tygodnie przed wydarzeniem (do 20.09.2024)<\/li>\n<\/ul>\n\n\n\n<p>Nie ma potrzeby przynoszenia ze sob\u0105 wydrukowanych bilet\u00f3w czy innych potwierdze\u0144. Po przybyciu na miejsce prosimy o zg\u0142oszenie si\u0119 do recepcji, w celu odbioru identyfikatora i innych materia\u0142\u00f3w konferencyjnych.<\/p>\n\n\n<a href=\"https:\/\/gdynia.wordcamp.org\/2024\/bilety\/\">Aby kupi\u0107 lub zarz\u0105dza\u0107 biletami, otw\u00f3rz t\u0119 stron\u0119 w przegl\u0105darce.<\/a>\n","protected":false},"excerpt":{"rendered":"<p>P\u0142atno\u015b\u0107 za bilety realizowana jest poprzez PayPal lub Stripe \u2013 osoby nieposiadaj\u0105ce konta PayPal mog\u0105 zap\u0142aci\u0107 kart\u0105. Niestety inne formy p\u0142atno\u015bci nie s\u0105 mo\u017cliwe. Zakupiony bilet zapewnia: Nie ma potrzeby przynoszenia ze sob\u0105 wydrukowanych bilet\u00f3w czy innych potwierdze\u0144. Po przybyciu na miejsce prosimy o zg\u0142oszenie si\u0119 do recepcji, w celu odbioru identyfikatora i innych materia\u0142\u00f3w [&hellip;]<\/p>\n","protected":false},"author":108511,"featured_media":0,"parent":0,"menu_order":0,"comment_status":"closed","ping_status":"closed","template":"","meta":{"jetpack_post_was_ever_published":false,"footnotes":""},"class_list":["post-13","page","type-page","status-publish","hentry"],"jetpack_sharing_enabled":true,"_links":{"self":[{"href":"https:\/\/gdynia.wordcamp.org\/2024\/wp-json\/wp\/v2\/pages\/13","targetHints":{"allow":["GET"]}}],"collection":[{"href":"https:\/\/gdynia.wordcamp.org\/2024\/wp-json\/wp\/v2\/pages"}],"about":[{"href":"https:\/\/gdynia.wordcamp.org\/2024\/wp-json\/wp\/v2\/types\/page"}],"author":[{"embeddable":true,"href":"https:\/\/gdynia.wordcamp.org\/2024\/wp-json\/wp\/v2\/users\/108511"}],"replies":[{"embeddable":true,"href":"https:\/\/gdynia.wordcamp.org\/2024\/wp-json\/wp\/v2\/comments?post=13"}],"version-history":[{"count":10,"href":"https:\/\/gdynia.wordcamp.org\/2024\/wp-json\/wp\/v2\/pages\/13\/revisions"}],"predecessor-version":[{"id":2356,"href":"https:\/\/gdynia.wordcamp.org\/2024\/wp-json\/wp\/v2\/pages\/13\/revisions\/2356"}],"wp:attachment":[{"href":"https:\/\/gdynia.wordcamp.org\/2024\/wp-json\/wp\/v2\/media?parent=13"}],"curies":[{"name":"wp","href":"https:\/\/api.w.org\/{rel}","templated":true}]}}