{"id":1477,"date":"2024-06-23T10:49:35","date_gmt":"2024-06-23T08:49:35","guid":{"rendered":"https:\/\/gdynia.wordcamp.org\/2024\/?page_id=1477"},"modified":"2024-06-23T12:53:02","modified_gmt":"2024-06-23T10:53:02","slug":"czym-jest-wordcamp","status":"publish","type":"page","link":"https:\/\/gdynia.wordcamp.org\/2024\/czym-jest-wordcamp\/","title":{"rendered":"Czym jest WordCamp?"},"content":{"rendered":"\n<div class=\"wp-block-group alignfull content-block has-custom-bg-light-background-color has-background has-global-padding is-layout-constrained wp-block-group-is-layout-constrained\">\n<div class=\"wp-block-columns are-vertically-aligned-center is-layout-flex wp-container-core-columns-is-layout-814b5b93 wp-block-columns-is-layout-flex\">\n<div class=\"wp-block-column is-vertically-aligned-center is-layout-flow wp-block-column-is-layout-flow\">\n<h2 class=\"wp-block-heading has-contrast-3-color has-text-color has-link-color wp-elements-e3f621ecf22ff01ef2a220072efe8f08\">Konferencja<\/h2>\n\n\n\n<p class=\"wp-block-paragraph\">Co roku na ca\u0142ym \u015bwiecie odbywaj\u0105 si\u0119 WordCampy i WordPress Meetupy \u2013 spotkania tw\u00f3rc\u00f3w, u\u017cytkownik\u00f3w oraz pasjonat\u00f3w WordPressa. W tym roku widzimy si\u0119 ju\u017c po raz trzeci, tym razem na p\u00f3\u0142nocy Polski, w sercu networkingu!<\/p>\n\n\n\n<p class=\"wp-block-paragraph\">Tutaj spotkasz osoby, kt\u00f3re opieraj\u0105 na WordPressie swoje biznesy, oraz tych, kt\u00f3rzy po prostu go uwielbiaj\u0105. Tworzymy globaln\u0105 spo\u0142eczno\u015b\u0107, kt\u00f3ra wsp\u00f3lnie nap\u0119dza rozw\u00f3j WordPressa.<\/p>\n<\/div>\n\n\n\n<div class=\"wp-block-column is-vertically-aligned-center is-layout-flow wp-block-column-is-layout-flow\">\n<figure class=\"wp-block-image size-full wp-duotone-duotone-1\"><img loading=\"lazy\" decoding=\"async\" width=\"1024\" height=\"768\" src=\"https:\/\/gdynia.wordcamp.org\/2024\/files\/2024\/06\/czym-jest-wordcamp-1.png\" alt=\"\" class=\"wp-image-1479\" srcset=\"https:\/\/gdynia.wordcamp.org\/2024\/files\/2024\/06\/czym-jest-wordcamp-1.png 1024w, https:\/\/gdynia.wordcamp.org\/2024\/files\/2024\/06\/czym-jest-wordcamp-1-300x225.png 300w, https:\/\/gdynia.wordcamp.org\/2024\/files\/2024\/06\/czym-jest-wordcamp-1-768x576.png 768w, https:\/\/gdynia.wordcamp.org\/2024\/files\/2024\/06\/czym-jest-wordcamp-1-400x300.png 400w\" sizes=\"auto, (max-width: 1024px) 100vw, 1024px\" \/><\/figure>\n<\/div>\n<\/div>\n<\/div>\n\n\n\n<div class=\"wp-block-group content-block has-global-padding is-layout-constrained wp-block-group-is-layout-constrained\">\n<div class=\"wp-block-columns are-vertically-aligned-center is-layout-flex wp-container-core-columns-is-layout-814b5b93 wp-block-columns-is-layout-flex\">\n<div class=\"wp-block-column is-vertically-aligned-center is-layout-flow wp-block-column-is-layout-flow\">\n<figure class=\"wp-block-image size-full wp-duotone-duotone-1\"><img loading=\"lazy\" decoding=\"async\" width=\"2048\" height=\"1536\" src=\"https:\/\/gdynia.wordcamp.org\/2024\/files\/2024\/06\/czym-jest-wordcamp-2.jpg\" alt=\"\" class=\"wp-image-1487\" srcset=\"https:\/\/gdynia.wordcamp.org\/2024\/files\/2024\/06\/czym-jest-wordcamp-2.jpg 2048w, https:\/\/gdynia.wordcamp.org\/2024\/files\/2024\/06\/czym-jest-wordcamp-2-300x225.jpg 300w, https:\/\/gdynia.wordcamp.org\/2024\/files\/2024\/06\/czym-jest-wordcamp-2-1024x768.jpg 1024w, https:\/\/gdynia.wordcamp.org\/2024\/files\/2024\/06\/czym-jest-wordcamp-2-768x576.jpg 768w, https:\/\/gdynia.wordcamp.org\/2024\/files\/2024\/06\/czym-jest-wordcamp-2-400x300.jpg 400w, https:\/\/gdynia.wordcamp.org\/2024\/files\/2024\/06\/czym-jest-wordcamp-2-1536x1152.jpg 1536w\" sizes=\"auto, (max-width: 2048px) 100vw, 2048px\" \/><\/figure>\n<\/div>\n\n\n\n<div class=\"wp-block-column is-vertically-aligned-center is-layout-flow wp-block-column-is-layout-flow\">\n<h2 class=\"wp-block-heading\">Dlaczego WordPress?<\/h2>\n\n\n\n<p class=\"wp-block-paragraph\">WordPress to intuicyjne i bezp\u0142atne oprogramowanie, udost\u0119pniane na otwartej licencji. To najpopularniejszy system zarz\u0105dzania tre\u015bci\u0105 (CMS) na \u015bwiecie \u2013 a\u017c 43,4% wszystkich stron internetowych zosta\u0142o zbudowanych przy jego u\u017cyciu.<\/p>\n\n\n\n<p class=\"wp-block-paragraph\">WordPress to pot\u0119\u017cne narz\u0119dzie open-source, kt\u00f3re sprawdzi si\u0119 w ka\u017cdej bran\u017cy. Dzi\u0119ki swojej elastyczno\u015bci i niezawodno\u015bci, od lat jest wyborem numer jeden w\u015br\u00f3d tw\u00f3rc\u00f3w stron internetowych.<\/p>\n<\/div>\n<\/div>\n<\/div>\n\n\n\n<div class=\"wp-block-group alignfull content-block has-custom-bg-light-background-color has-background has-global-padding is-layout-constrained wp-block-group-is-layout-constrained\">\n<div class=\"wp-block-columns are-vertically-aligned-center is-layout-flex wp-container-core-columns-is-layout-814b5b93 wp-block-columns-is-layout-flex\">\n<div class=\"wp-block-column is-vertically-aligned-center is-layout-flow wp-block-column-is-layout-flow\">\n<figure class=\"wp-block-image size-full\"><img loading=\"lazy\" decoding=\"async\" width=\"94\" height=\"19\" src=\"https:\/\/gdynia.wordcamp.org\/2024\/files\/2024\/06\/waves.png\" alt=\"\" class=\"wp-image-1168\" \/><\/figure>\n\n\n\n<h2 class=\"wp-block-heading has-base-2-color has-text-color has-link-color wp-elements-32123c4c32737bd078db39d4c46156f9\">Wyj\u0105tkowa i otwarta spo\u0142eczno\u015b\u0107!<\/h2>\n\n\n\n<p class=\"wp-block-paragraph\">Uczestnicy WordCamp Gdynia to wyj\u0105tkowa spo\u0142eczno\u015b\u0107, \u2028kt\u00f3ra gromadzi si\u0119, aby dzieli\u0107 si\u0119 wiedz\u0105, do\u015bwiadczeniem \u2028i najnowszymi trendami w \u015bwiecie WordPressa.&nbsp;<\/p>\n\n\n\n<p class=\"wp-block-paragraph\">Ich zaanga\u017cowanie i obecno\u015b\u0107 tworzy niepowtarzaln\u0105 atmosfer\u0119 tego wydarzenia, czyni\u0105c je jednym z najwa\u017cniejszych spotka\u0144 technologicznych w Polsce.<\/p>\n<\/div>\n\n\n\n<div class=\"wp-block-column is-vertically-aligned-center is-layout-flow wp-block-column-is-layout-flow\">\n<figure class=\"wp-block-image size-full wp-duotone-duotone-1\"><img loading=\"lazy\" decoding=\"async\" width=\"1286\" height=\"858\" src=\"https:\/\/gdynia.wordcamp.org\/2024\/files\/2024\/06\/czym-jest-wordcamp-3.jpg\" alt=\"\" class=\"wp-image-1489\" srcset=\"https:\/\/gdynia.wordcamp.org\/2024\/files\/2024\/06\/czym-jest-wordcamp-3.jpg 1286w, https:\/\/gdynia.wordcamp.org\/2024\/files\/2024\/06\/czym-jest-wordcamp-3-300x200.jpg 300w, https:\/\/gdynia.wordcamp.org\/2024\/files\/2024\/06\/czym-jest-wordcamp-3-1024x683.jpg 1024w, https:\/\/gdynia.wordcamp.org\/2024\/files\/2024\/06\/czym-jest-wordcamp-3-768x512.jpg 768w, https:\/\/gdynia.wordcamp.org\/2024\/files\/2024\/06\/czym-jest-wordcamp-3-450x300.jpg 450w\" sizes=\"auto, (max-width: 1286px) 100vw, 1286px\" \/><\/figure>\n<\/div>\n<\/div>\n<\/div>\n","protected":false},"excerpt":{"rendered":"<p>Konferencja Co roku na ca\u0142ym \u015bwiecie odbywaj\u0105 si\u0119 WordCampy i WordPress Meetupy \u2013 spotkania tw\u00f3rc\u00f3w, u\u017cytkownik\u00f3w oraz pasjonat\u00f3w WordPressa. W tym roku widzimy si\u0119 ju\u017c po raz trzeci, tym razem na p\u00f3\u0142nocy Polski, w sercu networkingu! Tutaj spotkasz osoby, kt\u00f3re opieraj\u0105 na WordPressie swoje biznesy, oraz tych, kt\u00f3rzy po prostu go uwielbiaj\u0105. Tworzymy globaln\u0105 spo\u0142eczno\u015b\u0107, [&hellip;]<\/p>\n","protected":false},"author":14635472,"featured_media":0,"parent":0,"menu_order":0,"comment_status":"closed","ping_status":"closed","template":"pages-full-width","meta":{"_crdt_document":"","jetpack_post_was_ever_published":false,"footnotes":""},"class_list":["post-1477","page","type-page","status-publish","hentry"],"jetpack_sharing_enabled":true,"_links":{"self":[{"href":"https:\/\/gdynia.wordcamp.org\/2024\/wp-json\/wp\/v2\/pages\/1477","targetHints":{"allow":["GET"]}}],"collection":[{"href":"https:\/\/gdynia.wordcamp.org\/2024\/wp-json\/wp\/v2\/pages"}],"about":[{"href":"https:\/\/gdynia.wordcamp.org\/2024\/wp-json\/wp\/v2\/types\/page"}],"author":[{"embeddable":true,"href":"https:\/\/gdynia.wordcamp.org\/2024\/wp-json\/wp\/v2\/users\/14635472"}],"replies":[{"embeddable":true,"href":"https:\/\/gdynia.wordcamp.org\/2024\/wp-json\/wp\/v2\/comments?post=1477"}],"version-history":[{"count":10,"href":"https:\/\/gdynia.wordcamp.org\/2024\/wp-json\/wp\/v2\/pages\/1477\/revisions"}],"predecessor-version":[{"id":1569,"href":"https:\/\/gdynia.wordcamp.org\/2024\/wp-json\/wp\/v2\/pages\/1477\/revisions\/1569"}],"wp:attachment":[{"href":"https:\/\/gdynia.wordcamp.org\/2024\/wp-json\/wp\/v2\/media?parent=1477"}],"curies":[{"name":"wp","href":"https:\/\/api.w.org\/{rel}","templated":true}]}}