{"id":13,"date":"2025-04-22T21:30:01","date_gmt":"2025-04-22T19:30:01","guid":{"rendered":"https:\/\/gdynia.wordcamp.org\/2025\/?page_id=13"},"modified":"2025-08-21T16:23:25","modified_gmt":"2025-08-21T14:23:25","slug":"bilety","status":"publish","type":"page","link":"https:\/\/gdynia.wordcamp.org\/2025\/bilety\/","title":{"rendered":"Bilety"},"content":{"rendered":"\n<div class=\"wp-block-group is-layout-flow wp-block-group-is-layout-flow\" style=\"padding-top:var(--wp--preset--spacing--50);padding-right:var(--wp--preset--spacing--20);padding-bottom:var(--wp--preset--spacing--50);padding-left:var(--wp--preset--spacing--20)\">\n<div class=\"wp-block-group has-custom-color-2-background-color has-background has-global-padding is-layout-constrained wp-container-core-group-is-layout-9e9be3cb wp-block-group-is-layout-constrained\" style=\"padding-top:var(--wp--preset--spacing--20);padding-right:var(--wp--preset--spacing--20);padding-bottom:var(--wp--preset--spacing--20);padding-left:var(--wp--preset--spacing--20)\">\n<p><strong>Notatki:<\/strong><\/p>\n\n\n\n<ul class=\"wp-block-list\">\n<li>Ch\u0119\u0107 otrzymania faktury VAT mo\u017cna zg\u0142osi\u0107 poprzez <a href=\"https:\/\/gdynia.wordcamp.org\/2025\/formularz-zgloszeniowy-faktury-vat\/\" data-type=\"page\" data-id=\"438\">dedykowany formularz<\/a>.<\/li>\n\n\n\n<li>Zwroty bilet\u00f3w s\u0105 mo\u017cliwe do 31.08.2025, 23:59:59.<\/li>\n<\/ul>\n<\/div>\n\n\n<a href=\"https:\/\/gdynia.wordcamp.org\/2025\/bilety\/\">Aby kupi\u0107 lub zarz\u0105dza\u0107 biletami, otw\u00f3rz t\u0119 stron\u0119 w przegl\u0105darce.<\/a>\n\n\n\n<div class=\"wp-block-group has-global-padding is-layout-constrained wp-block-group-is-layout-constrained\" style=\"padding-top:var(--wp--preset--spacing--40)\">\n<h2 class=\"wp-block-heading\">Czym jest <em>swag<\/em>?<\/h2>\n\n\n\n<p>W spo\u0142eczno\u015bci WordPress i WordCamp <em>swag<\/em> oznacza <strong>drobne, markowe upominki, kt\u00f3re uczestnicy otrzymuj\u0105 w ramach wydarzenia.<\/strong> To tradycja, kt\u00f3ra buduje poczucie wsp\u00f3lnoty i dodaje wydarzeniu lu\u017anego, przyjaznego klimatu.<\/p>\n\n\n\n<p>Podczas <strong>WordCamp Gdynia 2025 g\u0142\u00f3wnym elementem naszego <em>swagu<\/em> b\u0119dzie specjalnie zaprojektowana koszulka.<\/strong> Zam\u00f3wienia z koszulk\u0105 przyjmujemy maksymalnie do 7.09.2025.<br>To nie tylko ubranie \u2013 to pami\u0105tka z wydarzenia, symbol przynale\u017cno\u015bci do spo\u0142eczno\u015bci WordPress i spos\u00f3b, by rozpozna\u0107 innych pasjonat\u00f3w tak\u017ce po zako\u0144czeniu konferencji.<\/p>\n\n\n\n<p>Zak\u0142adaj\u0105c koszulk\u0119 WordCamp Gdynia:<\/p>\n\n\n\n<ul class=\"wp-block-list\">\n<li> Wspierasz spo\u0142eczno\u015b\u0107 WordPress<\/li>\n\n\n\n<li> Pomagasz promowa\u0107 ide\u0119 open source<\/li>\n\n\n\n<li> Zachowujesz wspomnienia z wydarzenia<\/li>\n\n\n\n<li> (I idealnie sprawdzi si\u0119 na lu\u017ane pi\u0105tki w pracy!)<\/li>\n<\/ul>\n\n\n\n<p>Koszulki projektujemy tak, by by\u0142y <strong>wygodne, stylowe i ch\u0119tnie noszone<\/strong> \u2013 dzi\u0119ki temu mo\u017cesz zabra\u0107 kawa\u0142ek WordCampa ze sob\u0105 na kolejne meetupy czy coworking.<\/p>\n<\/div>\n<\/div>\n","protected":false},"excerpt":{"rendered":"<p>Notatki: Czym jest swag? W spo\u0142eczno\u015bci WordPress i WordCamp swag oznacza drobne, markowe upominki, kt\u00f3re uczestnicy otrzymuj\u0105 w ramach wydarzenia. To tradycja, kt\u00f3ra buduje poczucie wsp\u00f3lnoty i dodaje wydarzeniu lu\u017anego, przyjaznego klimatu. Podczas WordCamp Gdynia 2025 g\u0142\u00f3wnym elementem naszego swagu b\u0119dzie specjalnie zaprojektowana koszulka. Zam\u00f3wienia z koszulk\u0105 przyjmujemy maksymalnie do 7.09.2025.To nie tylko ubranie \u2013 [&hellip;]<\/p>\n","protected":false},"author":108511,"featured_media":1617,"parent":0,"menu_order":0,"comment_status":"closed","ping_status":"closed","template":"","meta":{"advanced_seo_description":"","jetpack_seo_html_title":"","jetpack_seo_noindex":false,"jetpack_post_was_ever_published":false,"footnotes":""},"class_list":["post-13","page","type-page","status-publish","has-post-thumbnail","hentry"],"jetpack_sharing_enabled":true,"_links":{"self":[{"href":"https:\/\/gdynia.wordcamp.org\/2025\/wp-json\/wp\/v2\/pages\/13","targetHints":{"allow":["GET"]}}],"collection":[{"href":"https:\/\/gdynia.wordcamp.org\/2025\/wp-json\/wp\/v2\/pages"}],"about":[{"href":"https:\/\/gdynia.wordcamp.org\/2025\/wp-json\/wp\/v2\/types\/page"}],"author":[{"embeddable":true,"href":"https:\/\/gdynia.wordcamp.org\/2025\/wp-json\/wp\/v2\/users\/108511"}],"replies":[{"embeddable":true,"href":"https:\/\/gdynia.wordcamp.org\/2025\/wp-json\/wp\/v2\/comments?post=13"}],"version-history":[{"count":22,"href":"https:\/\/gdynia.wordcamp.org\/2025\/wp-json\/wp\/v2\/pages\/13\/revisions"}],"predecessor-version":[{"id":1325,"href":"https:\/\/gdynia.wordcamp.org\/2025\/wp-json\/wp\/v2\/pages\/13\/revisions\/1325"}],"wp:featuredmedia":[{"embeddable":true,"href":"https:\/\/gdynia.wordcamp.org\/2025\/wp-json\/wp\/v2\/media\/1617"}],"wp:attachment":[{"href":"https:\/\/gdynia.wordcamp.org\/2025\/wp-json\/wp\/v2\/media?parent=13"}],"curies":[{"name":"wp","href":"https:\/\/api.w.org\/{rel}","templated":true}]}}