{"id":2387,"date":"2025-09-24T21:02:12","date_gmt":"2025-09-24T19:02:12","guid":{"rendered":"https:\/\/gdynia.wordcamp.org\/2025\/?page_id=2387"},"modified":"2025-09-24T21:02:12","modified_gmt":"2025-09-24T19:02:12","slug":"jak-dostac-sie-na-konferencje","status":"publish","type":"page","link":"https:\/\/gdynia.wordcamp.org\/2025\/jak-dostac-sie-na-konferencje\/","title":{"rendered":"Jak dosta\u0107 si\u0119 na konferencje?"},"content":{"rendered":"\n<div class=\"wp-block-columns is-layout-flex wp-container-core-columns-is-layout-88c3a344 wp-block-columns-is-layout-flex\" style=\"padding-top:var(--wp--preset--spacing--50);padding-right:0;padding-bottom:var(--wp--preset--spacing--50);padding-left:0\">\n<div class=\"wp-block-column is-vertically-aligned-center is-layout-flow wp-block-column-is-layout-flow\" style=\"padding-right:var(--wp--preset--spacing--20);padding-left:var(--wp--preset--spacing--20)\">\n<div class=\"wp-block-group is-vertical is-content-justification-left is-layout-flex wp-container-core-group-is-layout-9bedd649 wp-block-group-is-layout-flex\" style=\"padding-top:0;padding-bottom:0\">\n<h2 class=\"wp-block-heading\">Lokalizacja<\/h2>\n\n\n\n<p>Ju\u017c\u00a0<strong>26 wrze\u015bnia<\/strong>\u00a0zaczynamy trzydniowe \u015bwi\u0119to WordPressa.\u00a0<strong>WordCamp Gdynia 2025<\/strong>\u00a0odb\u0119dzie si\u0119 w\u00a0<strong>Pomorskim Parku Naukowo-Technologicznym, Budynek III<\/strong>, czyli dok\u0142adnie tam, gdzie mie\u015bci si\u0119\u00a0<strong>Centrum Nauki Experyment<\/strong>.<\/p>\n\n\n\n<p>To bardzo wa\u017cna wskaz\u00f3wka: wej\u015bcie na wydarzenie b\u0119dzie dost\u0119pne w\u0142a\u015bnie w tym budynku. Nie pr\u00f3buj wchodzi\u0107 innymi wej\u015bciami do PPNT \u2013 kompleks jest rozleg\u0142y i \u0142atwo si\u0119 w nim zgubi\u0107.<\/p>\n\n\n\n<div class=\"wp-block-buttons homepage-hero-buttons is-layout-flex wp-block-buttons-is-layout-flex\" style=\"margin-top:var(--wp--preset--spacing--30)\">\n<div class=\"wp-block-button\"><a class=\"wp-block-button__link wp-element-button\" href=\"https:\/\/maps.app.goo.gl\/9HdyXJmfFuyEjcsR6\" style=\"padding-right:var(--wp--preset--spacing--20);padding-left:var(--wp--preset--spacing--20)\">Lokalizacja wej\u015bcia<\/a><\/div>\n<\/div>\n<\/div>\n<\/div>\n\n\n\n<div class=\"wp-block-column is-vertically-aligned-center is-layout-flow wp-block-column-is-layout-flow\" style=\"flex-basis:50%\">\n<figure class=\"wp-block-image size-full\"><img data-recalc-dims=\"1\" loading=\"lazy\" decoding=\"async\" width=\"685\" height=\"405\" src=\"https:\/\/i0.wp.com\/gdynia.wordcamp.org\/2025\/files\/2025\/09\/Frame-135.png?resize=685%2C405&#038;ssl=1\" alt=\"\" class=\"wp-image-1928\" srcset=\"https:\/\/i0.wp.com\/gdynia.wordcamp.org\/2025\/files\/2025\/09\/Frame-135.png?w=685&amp;ssl=1 685w, https:\/\/i0.wp.com\/gdynia.wordcamp.org\/2025\/files\/2025\/09\/Frame-135.png?resize=300%2C177&amp;ssl=1 300w, https:\/\/i0.wp.com\/gdynia.wordcamp.org\/2025\/files\/2025\/09\/Frame-135.png?resize=500%2C296&amp;ssl=1 500w\" sizes=\"auto, (max-width: 685px) 100vw, 685px\" \/><\/figure>\n<\/div>\n<\/div>\n\n\n\n<div class=\"wp-block-columns is-layout-flex wp-container-core-columns-is-layout-88c3a344 wp-block-columns-is-layout-flex\" style=\"padding-top:var(--wp--preset--spacing--50);padding-right:0;padding-bottom:var(--wp--preset--spacing--50);padding-left:0\">\n<div class=\"wp-block-column is-vertically-aligned-center is-layout-flow wp-block-column-is-layout-flow\" style=\"flex-basis:50%\">\n<figure class=\"wp-block-image size-full\"><img data-recalc-dims=\"1\" loading=\"lazy\" decoding=\"async\" width=\"685\" height=\"405\" src=\"https:\/\/i0.wp.com\/gdynia.wordcamp.org\/2025\/files\/2025\/09\/Frame-135-1.png?resize=685%2C405&#038;ssl=1\" alt=\"\" class=\"wp-image-1929\" srcset=\"https:\/\/i0.wp.com\/gdynia.wordcamp.org\/2025\/files\/2025\/09\/Frame-135-1.png?w=685&amp;ssl=1 685w, https:\/\/i0.wp.com\/gdynia.wordcamp.org\/2025\/files\/2025\/09\/Frame-135-1.png?resize=300%2C177&amp;ssl=1 300w, https:\/\/i0.wp.com\/gdynia.wordcamp.org\/2025\/files\/2025\/09\/Frame-135-1.png?resize=500%2C296&amp;ssl=1 500w\" sizes=\"auto, (max-width: 685px) 100vw, 685px\" \/><\/figure>\n<\/div>\n\n\n\n<div class=\"wp-block-column is-vertically-aligned-center is-layout-flow wp-block-column-is-layout-flow\" style=\"padding-right:var(--wp--preset--spacing--20);padding-left:var(--wp--preset--spacing--20)\">\n<div class=\"wp-block-group is-vertical is-content-justification-left is-layout-flex wp-container-core-group-is-layout-9bedd649 wp-block-group-is-layout-flex\" style=\"padding-top:0;padding-bottom:0\">\n<h2 class=\"wp-block-heading\">Dojazd z dworca Gdynia G\u0142\u00f3wna<\/h2>\n\n\n\n<p>PPNT Gdynia znajduje si\u0119 w dzielnicy Red\u0142owo, oko\u0142o 4 km od Dworca PKP Gdynia G\u0142\u00f3wna. Do wyboru masz kilka sprawdzonych sposob\u00f3w dojazdu:<\/p>\n\n\n\n<p><strong>1. Komunikacja miejska<\/strong><br>Najbli\u017cej Budynku III znajduje si\u0119 przystanek\u00a0<strong>Centrum Nauki Experyment<\/strong>. Z dworca dojedziesz tam m.in. tramwajami\u00a0<strong>24<\/strong>\u00a0i\u00a0<strong>29<\/strong>\u00a0albo autobusami\u00a0<strong>105<\/strong>,\u00a0<strong>119<\/strong>,\u00a0<strong>125<\/strong>,\u00a0<strong>133<\/strong>,\u00a0<strong>152<\/strong>,\u00a0<strong>180<\/strong>\u00a0i\u00a0<strong>192<\/strong>. Podr\u00f3\u017c trwa zwykle oko\u0142o 15\u201320 minut. Z przystanku wystarczy przej\u015b\u0107 kilka krok\u00f3w prosto do wej\u015bcia w Budynku III.<\/p>\n\n\n\n<p><strong>2. Szybka Kolej Miejska (SKM)<\/strong><br>Je\u015bli wolisz kolej, wsi\u0105d\u017a w SKM z Dworca Gdynia G\u0142\u00f3wna i wysi\u0105d\u017a na stacji&nbsp;<strong>Gdynia Red\u0142owo<\/strong>. St\u0105d dojdziesz do PPNT w oko\u0142o 10 minut spokojnego spaceru.<\/p>\n\n\n\n<p><strong>3. Spacer lub rower<\/strong><br>Przy dobrej pogodzie mo\u017cesz te\u017c wybra\u0107 oko\u0142o 40-minutowy spacer z centrum Gdyni albo szybki przejazd rowerem. W pobli\u017cu PPNT znajdziesz stacje rower\u00f3w miejskich Mevo.<\/p>\n<\/div>\n<\/div>\n<\/div>\n\n\n\n<div class=\"wp-block-columns is-layout-flex wp-container-core-columns-is-layout-88c3a344 wp-block-columns-is-layout-flex\" style=\"padding-top:var(--wp--preset--spacing--50);padding-right:0;padding-bottom:var(--wp--preset--spacing--50);padding-left:0\">\n<div class=\"wp-block-column is-vertically-aligned-center is-layout-flow wp-block-column-is-layout-flow\" style=\"padding-right:var(--wp--preset--spacing--20);padding-left:var(--wp--preset--spacing--20)\">\n<div class=\"wp-block-group is-vertical is-content-justification-left is-layout-flex wp-container-core-group-is-layout-9bedd649 wp-block-group-is-layout-flex\" style=\"padding-top:0;padding-bottom:0\">\n<h2 class=\"wp-block-heading\">Parking dla Uczestnik\u00f3w<\/h2>\n\n\n\n<p>Dla os\u00f3b przyje\u017cd\u017caj\u0105cych samochodem dost\u0119pny jest\u00a0<strong>darmowy parking w centrum handlowym Riviera<\/strong>, przy\u00a0<strong>ul. Kazimierza G\u00f3rskiego 2, 81-304 Gdynia<\/strong>. To wygodna i bezpieczna opcja \u2013 z Riviery do Budynku III PPNT dotrzesz w kilkana\u015bcie minut pieszo lub w kilka minut komunikacj\u0105 miejsk\u0105.<\/p>\n<\/div>\n<\/div>\n\n\n\n<div class=\"wp-block-column is-vertically-aligned-center is-layout-flow wp-block-column-is-layout-flow\" style=\"flex-basis:50%\">\n<figure class=\"wp-block-image size-full\"><img data-recalc-dims=\"1\" loading=\"lazy\" decoding=\"async\" width=\"723\" height=\"480\" src=\"https:\/\/i0.wp.com\/gdynia.wordcamp.org\/2025\/files\/2025\/09\/Frame-135-2.png?resize=723%2C480&#038;ssl=1\" alt=\"\" class=\"wp-image-1930\" srcset=\"https:\/\/i0.wp.com\/gdynia.wordcamp.org\/2025\/files\/2025\/09\/Frame-135-2.png?w=723&amp;ssl=1 723w, https:\/\/i0.wp.com\/gdynia.wordcamp.org\/2025\/files\/2025\/09\/Frame-135-2.png?resize=300%2C199&amp;ssl=1 300w, https:\/\/i0.wp.com\/gdynia.wordcamp.org\/2025\/files\/2025\/09\/Frame-135-2.png?resize=452%2C300&amp;ssl=1 452w\" sizes=\"auto, (max-width: 723px) 100vw, 723px\" \/><\/figure>\n<\/div>\n<\/div>\n","protected":false},"excerpt":{"rendered":"<p>Lokalizacja Ju\u017c\u00a026 wrze\u015bnia\u00a0zaczynamy trzydniowe \u015bwi\u0119to WordPressa.\u00a0WordCamp Gdynia 2025\u00a0odb\u0119dzie si\u0119 w\u00a0Pomorskim Parku Naukowo-Technologicznym, Budynek III, czyli dok\u0142adnie tam, gdzie mie\u015bci si\u0119\u00a0Centrum Nauki Experyment. To bardzo wa\u017cna wskaz\u00f3wka: wej\u015bcie na wydarzenie b\u0119dzie dost\u0119pne w\u0142a\u015bnie w tym budynku. Nie pr\u00f3buj wchodzi\u0107 innymi wej\u015bciami do PPNT \u2013 kompleks jest rozleg\u0142y i \u0142atwo si\u0119 w nim zgubi\u0107. Dojazd z dworca [&hellip;]<\/p>\n","protected":false},"author":14246880,"featured_media":1929,"parent":0,"menu_order":0,"comment_status":"closed","ping_status":"closed","template":"","meta":{"advanced_seo_description":"","jetpack_seo_html_title":"","jetpack_seo_noindex":false,"jetpack_post_was_ever_published":false,"footnotes":""},"class_list":["post-2387","page","type-page","status-publish","has-post-thumbnail","hentry"],"jetpack_sharing_enabled":true,"_links":{"self":[{"href":"https:\/\/gdynia.wordcamp.org\/2025\/wp-json\/wp\/v2\/pages\/2387","targetHints":{"allow":["GET"]}}],"collection":[{"href":"https:\/\/gdynia.wordcamp.org\/2025\/wp-json\/wp\/v2\/pages"}],"about":[{"href":"https:\/\/gdynia.wordcamp.org\/2025\/wp-json\/wp\/v2\/types\/page"}],"author":[{"embeddable":true,"href":"https:\/\/gdynia.wordcamp.org\/2025\/wp-json\/wp\/v2\/users\/14246880"}],"replies":[{"embeddable":true,"href":"https:\/\/gdynia.wordcamp.org\/2025\/wp-json\/wp\/v2\/comments?post=2387"}],"version-history":[{"count":1,"href":"https:\/\/gdynia.wordcamp.org\/2025\/wp-json\/wp\/v2\/pages\/2387\/revisions"}],"predecessor-version":[{"id":2388,"href":"https:\/\/gdynia.wordcamp.org\/2025\/wp-json\/wp\/v2\/pages\/2387\/revisions\/2388"}],"wp:featuredmedia":[{"embeddable":true,"href":"https:\/\/gdynia.wordcamp.org\/2025\/wp-json\/wp\/v2\/media\/1929"}],"wp:attachment":[{"href":"https:\/\/gdynia.wordcamp.org\/2025\/wp-json\/wp\/v2\/media?parent=2387"}],"curies":[{"name":"wp","href":"https:\/\/api.w.org\/{rel}","templated":true}]}}